{"id":3257,"date":"2022-07-05T13:05:12","date_gmt":"2022-07-05T13:05:12","guid":{"rendered":"https:\/\/ssb-hagen.de\/?page_id=3257"},"modified":"2022-08-11T14:02:18","modified_gmt":"2022-08-11T14:02:18","slug":"nutzungsbedingungen","status":"publish","type":"page","link":"https:\/\/ssb-hagen.de\/index.php\/nutzungsbedingungen\/","title":{"rendered":"Nutzungsbedingungen"},"content":{"rendered":"\t\t<div data-elementor-type=\"wp-page\" data-elementor-id=\"3257\" class=\"elementor elementor-3257\" data-elementor-post-type=\"page\">\n\t\t\t\t\t\t<section class=\"elementor-section elementor-top-section elementor-element elementor-element-7ee93b8 elementor-section-height-min-height elementor-section-boxed elementor-section-height-default elementor-section-items-middle\" data-id=\"7ee93b8\" data-element_type=\"section\" data-e-type=\"section\" data-settings=\"{&quot;background_background&quot;:&quot;classic&quot;}\">\n\t\t\t\t\t\t\t<div class=\"elementor-background-overlay\"><\/div>\n\t\t\t\t\t\t\t<div class=\"elementor-container elementor-column-gap-no\">\n\t\t\t\t\t<div class=\"elementor-column elementor-col-100 elementor-top-column elementor-element elementor-element-94b14fb\" data-id=\"94b14fb\" data-element_type=\"column\" data-e-type=\"column\">\n\t\t\t<div class=\"elementor-widget-wrap elementor-element-populated\">\n\t\t\t\t\t\t<div class=\"elementor-element elementor-element-39670da elementor-widget elementor-widget-heading\" data-id=\"39670da\" data-element_type=\"widget\" data-e-type=\"widget\" data-widget_type=\"heading.default\">\n\t\t\t\t<div class=\"elementor-widget-container\">\n\t\t\t\t\t<h4 class=\"elementor-heading-title elementor-size-default\">Sport in Hagen<\/h4>\t\t\t\t<\/div>\n\t\t\t\t<\/div>\n\t\t\t\t<div class=\"elementor-element elementor-element-aec528e elementor-widget elementor-widget-text-editor\" data-id=\"aec528e\" data-element_type=\"widget\" data-e-type=\"widget\" data-widget_type=\"text-editor.default\">\n\t\t\t\t<div class=\"elementor-widget-container\">\n\t\t\t\t\t\t\t\t\t<p>Nutzungsbedingungen<\/p>\t\t\t\t\t\t\t\t<\/div>\n\t\t\t\t<\/div>\n\t\t\t\t\t<\/div>\n\t\t<\/div>\n\t\t\t\t\t<\/div>\n\t\t<\/section>\n\t\t\t\t<section class=\"elementor-section elementor-top-section elementor-element elementor-element-5215e0a elementor-section-boxed elementor-section-height-default elementor-section-height-default\" data-id=\"5215e0a\" data-element_type=\"section\" data-e-type=\"section\">\n\t\t\t\t\t\t<div class=\"elementor-container elementor-column-gap-default\">\n\t\t\t\t\t<div class=\"elementor-column elementor-col-100 elementor-top-column elementor-element elementor-element-0ae904d\" data-id=\"0ae904d\" data-element_type=\"column\" data-e-type=\"column\">\n\t\t\t<div class=\"elementor-widget-wrap elementor-element-populated\">\n\t\t\t\t\t\t<div class=\"elementor-element elementor-element-3711fcd elementor-widget elementor-widget-text-editor\" data-id=\"3711fcd\" data-element_type=\"widget\" data-e-type=\"widget\" data-widget_type=\"text-editor.default\">\n\t\t\t\t<div class=\"elementor-widget-container\">\n\t\t\t\t\t\t\t\t\t<p>Mit dem Aufrufen der ssb-hagen.de-Seiten erkennen Sie die nachfolgenden Nutzungsbedingungen an. Falls Sie mit den Nutzungsbedingungen nicht einverstanden sind, so ist Ihnen die Nutzung des ssb-hagen.de-Angebotes nicht gestattet.<\/p><p><strong>1.<\/strong> Diese Nutzungsbedingungen beziehen sich auf alle Domains, unter denen die offizielle Seite des SSB Hagen zu erreichen ist (ssb-hagen.de).<\/p><p><strong>2.<\/strong> ssb-hagen.de beh\u00e4lt sich vor, die ssb-hagen.de-Nutzungsbedingungen jederzeit und ohne Ank\u00fcndigung zu \u00e4ndern.<\/p><p><strong>3.<\/strong> ssb-hagen.de \u00fcbernimmt mit Ausnahme der vom Gesetz vorgeschriebenen Gew\u00e4hrleistung keine Gew\u00e4hrleistung oder Haftung f\u00fcr die Richtigkeit und Vollst\u00e4ndigkeit des Inhalts der ssb-hagen.de-Seiten und f\u00fcr deren Funktionst\u00fcchtigkeit.<\/p><p><strong>4.<\/strong> Die auf den ssb-hagen.de-Seiten enthaltenen Texte, Bilder und anderen Inhalte sind urheberrechtlich gesch\u00fctzt und d\u00fcrfen nur zum pers\u00f6nlichen Gebrauch verwendet werden. Eine Vervielf\u00e4ltigung, Weitergabe, Verbreitung oder Speicherung ist nicht gestattet.<\/p><p><strong>5.<\/strong> Sie allein haften f\u00fcr alle Sch\u00e4den aus einer Zuwiderhandlung gegen die unter Ziffer 4 dargelegten Nutzungsgrundregeln der ssb-hagen.de-Seiten und verpflichten sich, ssb-hagen.de von allen Anspr\u00fcchen Dritter wegen einer von Ihnen begangenen Zuwiderhandlung gegen diese Grundregeln freizuhalten.<\/p><p><strong>6.<\/strong> ssb-hagen.de haftet dar\u00fcber hinaus auch nicht f\u00fcr Sch\u00e4den, die durch von ssb-hagen.de nicht zu vertretende, unvorhersehbare Ereignisse, insbesondere Netzzusammenbr\u00fcche oder Computerausf\u00e4lle, eintreten.<\/p><p><strong>7.<\/strong> F\u00fcr unverlangt eingesandte Manuskripte kann keine Haftung \u00fcbernommen werden. Mit \u00dcbergabe der Manuskripte und Bilder an die Redaktion erteilt der Verfasser ssb-hagen.de das Recht zur Ver\u00f6ffentlichung. Honorierte Arbeiten gehen in das Verf\u00fcgungsrecht von ssb-hagen.de \u00fcber. Warennamen werden ohne Gew\u00e4hrleistung einer freien Verf\u00fcgung genutzt.<\/p><p><strong>8.<\/strong> ssb-hagen.de hat Links (Querverweise) zu anderen Seiten im Internet geschaltet. ssb-hagen.de erkl\u00e4rt ausdr\u00fccklich, dass keinerlei Einfluss auf die Gestaltung und die Inhalte der gelinkten Seiten besteht. Deshalb distanziert sich ssb-hagen.de ausdr\u00fccklich von s\u00e4mtlichen Inhalten aller verkn\u00fcpften Internetseiten, die nicht auf dem Server von ssb-hagen.de abgelegt sind. Diese Erkl\u00e4rung gilt f\u00fcr alle angezeigten Links und f\u00fcr alle Inhalte der Seiten, zu denen die bei ssb-hagen.de installierten Banner und Links f\u00fchren.<\/p><p><strong>9.<\/strong> Es gilt ausschlie\u00dflich deutsches Recht.<\/p><p>Sollte eine der obigen Bestimmungen unwirksam sein, so wird die G\u00fcltigkeit der \u00fcbrigen Regelungen hiervon nicht ber\u00fchrt. Die unwirksame Bestimmung wird durch eine rechtsg\u00fcltige ersetzt, die dem wirtschaftlichen Sinn und Zweck der unwirksamen Bestimmung am n\u00e4chsten kommt.<\/p>\t\t\t\t\t\t\t\t<\/div>\n\t\t\t\t<\/div>\n\t\t\t\t\t<\/div>\n\t\t<\/div>\n\t\t\t\t\t<\/div>\n\t\t<\/section>\n\t\t\t\t<section class=\"elementor-section elementor-top-section elementor-element elementor-element-f78a079 elementor-section-height-min-height elementor-section-boxed elementor-section-height-default elementor-section-items-middle\" data-id=\"f78a079\" data-element_type=\"section\" data-e-type=\"section\" data-settings=\"{&quot;background_background&quot;:&quot;classic&quot;}\">\n\t\t\t\t\t\t\t<div class=\"elementor-background-overlay\"><\/div>\n\t\t\t\t\t\t\t<div class=\"elementor-container elementor-column-gap-default\">\n\t\t\t\t\t<div class=\"elementor-column elementor-col-100 elementor-top-column elementor-element elementor-element-ec2093b\" data-id=\"ec2093b\" data-element_type=\"column\" data-e-type=\"column\">\n\t\t\t<div class=\"elementor-widget-wrap elementor-element-populated\">\n\t\t\t\t\t\t<div class=\"elementor-element elementor-element-bf05914 elementor-widget elementor-widget-text-editor\" data-id=\"bf05914\" data-element_type=\"widget\" data-e-type=\"widget\" data-widget_type=\"text-editor.default\">\n\t\t\t\t<div class=\"elementor-widget-container\">\n\t\t\t\t\t\t\t\t\t<h2>Unsere <strong>Sponsoren<\/strong><\/h2>\t\t\t\t\t\t\t\t<\/div>\n\t\t\t\t<\/div>\n\t\t\t\t<div class=\"elementor-element elementor-element-d40be10 elementor-widget-divider--view-line elementor-widget elementor-widget-divider\" data-id=\"d40be10\" data-element_type=\"widget\" data-e-type=\"widget\" data-widget_type=\"divider.default\">\n\t\t\t\t<div class=\"elementor-widget-container\">\n\t\t\t\t\t\t\t<div class=\"elementor-divider\">\n\t\t\t<span class=\"elementor-divider-separator\">\n\t\t\t\t\t\t<\/span>\n\t\t<\/div>\n\t\t\t\t\t\t<\/div>\n\t\t\t\t<\/div>\n\t\t\t\t<div class=\"elementor-element elementor-element-4057465 elementor-widget elementor-widget-text-editor\" data-id=\"4057465\" data-element_type=\"widget\" data-e-type=\"widget\" data-widget_type=\"text-editor.default\">\n\t\t\t\t<div class=\"elementor-widget-container\">\n\t\t\t\t\t\t\t\t\t<h3>Vielen Dank f\u00fcr die Unterst\u00fctzung<\/h3>\t\t\t\t\t\t\t\t<\/div>\n\t\t\t\t<\/div>\n\t\t\t\t<section class=\"elementor-section elementor-inner-section elementor-element elementor-element-632295e elementor-section-boxed elementor-section-height-default elementor-section-height-default\" data-id=\"632295e\" data-element_type=\"section\" data-e-type=\"section\">\n\t\t\t\t\t\t<div class=\"elementor-container elementor-column-gap-no\">\n\t\t\t\t\t<div class=\"elementor-column elementor-col-50 elementor-inner-column elementor-element elementor-element-a9b2ad1\" data-id=\"a9b2ad1\" data-element_type=\"column\" data-e-type=\"column\" data-settings=\"{&quot;background_background&quot;:&quot;classic&quot;}\">\n\t\t\t<div class=\"elementor-widget-wrap elementor-element-populated\">\n\t\t\t\t\t\t<div class=\"elementor-element elementor-element-329579f elementor-widget elementor-widget-image\" data-id=\"329579f\" data-element_type=\"widget\" data-e-type=\"widget\" data-widget_type=\"image.default\">\n\t\t\t\t<div class=\"elementor-widget-container\">\n\t\t\t\t\t\t\t\t\t\t\t\t\t\t\t<img fetchpriority=\"high\" decoding=\"async\" width=\"600\" height=\"270\" src=\"https:\/\/ssb-hagen.de\/wp-content\/uploads\/2022\/02\/logo-sparkasse-herdecke.png\" class=\"attachment-large size-large wp-image-183\" alt=\"\" srcset=\"https:\/\/ssb-hagen.de\/wp-content\/uploads\/2022\/02\/logo-sparkasse-herdecke.png 600w, https:\/\/ssb-hagen.de\/wp-content\/uploads\/2022\/02\/logo-sparkasse-herdecke-300x135.png 300w\" sizes=\"(max-width: 600px) 100vw, 600px\" \/>\t\t\t\t\t\t\t\t\t\t\t\t\t\t\t<\/div>\n\t\t\t\t<\/div>\n\t\t\t\t\t<\/div>\n\t\t<\/div>\n\t\t\t\t<div class=\"elementor-column elementor-col-50 elementor-inner-column elementor-element elementor-element-5796e39\" data-id=\"5796e39\" data-element_type=\"column\" data-e-type=\"column\" data-settings=\"{&quot;background_background&quot;:&quot;classic&quot;}\">\n\t\t\t<div class=\"elementor-widget-wrap elementor-element-populated\">\n\t\t\t\t\t\t<div class=\"elementor-element elementor-element-cc4c955 elementor-widget elementor-widget-image\" data-id=\"cc4c955\" data-element_type=\"widget\" data-e-type=\"widget\" data-widget_type=\"image.default\">\n\t\t\t\t<div class=\"elementor-widget-container\">\n\t\t\t\t\t\t\t\t\t\t\t\t\t\t\t<img decoding=\"async\" width=\"600\" height=\"271\" src=\"https:\/\/ssb-hagen.de\/wp-content\/uploads\/2022\/02\/logo-sparkasse-hagen.png\" class=\"attachment-large size-large wp-image-184\" alt=\"\" srcset=\"https:\/\/ssb-hagen.de\/wp-content\/uploads\/2022\/02\/logo-sparkasse-hagen.png 600w, https:\/\/ssb-hagen.de\/wp-content\/uploads\/2022\/02\/logo-sparkasse-hagen-300x136.png 300w\" sizes=\"(max-width: 600px) 100vw, 600px\" \/>\t\t\t\t\t\t\t\t\t\t\t\t\t\t\t<\/div>\n\t\t\t\t<\/div>\n\t\t\t\t\t<\/div>\n\t\t<\/div>\n\t\t\t\t\t<\/div>\n\t\t<\/section>\n\t\t\t\t\t<\/div>\n\t\t<\/div>\n\t\t\t\t\t<\/div>\n\t\t<\/section>\n\t\t\t\t<\/div>\n\t\t","protected":false},"excerpt":{"rendered":"<p>Sport in Hagen Nutzungsbedingungen Mit dem Aufrufen der ssb-hagen.de-Seiten erkennen Sie die nachfolgenden Nutzungsbedingungen an. Falls Sie mit den Nutzungsbedingungen nicht einverstanden sind, so ist Ihnen die Nutzung des ssb-hagen.de-Angebotes [&hellip;]<\/p>\n","protected":false},"author":1,"featured_media":3236,"parent":0,"menu_order":0,"comment_status":"closed","ping_status":"closed","template":"elementor_header_footer","meta":{"_acf_changed":false,"footnotes":""},"class_list":["post-3257","page","type-page","status-publish","has-post-thumbnail","hentry"],"acf":[],"yoast_head":"<!-- This site is optimized with the Yoast SEO plugin v27.4 - https:\/\/yoast.com\/product\/yoast-seo-wordpress\/ -->\n<title>Nutzungsbedingungen - Stadtsportbund Hagen<\/title>\n<meta name=\"robots\" content=\"index, follow, max-snippet:-1, max-image-preview:large, max-video-preview:-1\" \/>\n<link rel=\"canonical\" href=\"https:\/\/ssb-hagen.de\/index.php\/nutzungsbedingungen\/\" \/>\n<meta property=\"og:locale\" content=\"de_DE\" \/>\n<meta property=\"og:type\" content=\"article\" \/>\n<meta property=\"og:title\" content=\"Nutzungsbedingungen - Stadtsportbund Hagen\" \/>\n<meta property=\"og:description\" content=\"Sport in Hagen Nutzungsbedingungen Mit dem Aufrufen der ssb-hagen.de-Seiten erkennen Sie die nachfolgenden Nutzungsbedingungen an. Falls Sie mit den Nutzungsbedingungen nicht einverstanden sind, so ist Ihnen die Nutzung des ssb-hagen.de-Angebotes [&hellip;]\" \/>\n<meta property=\"og:url\" content=\"https:\/\/ssb-hagen.de\/index.php\/nutzungsbedingungen\/\" \/>\n<meta property=\"og:site_name\" content=\"Stadtsportbund Hagen\" \/>\n<meta property=\"article:publisher\" content=\"https:\/\/www.facebook.com\/profile.php?id=100066611322930\" \/>\n<meta property=\"article:modified_time\" content=\"2022-08-11T14:02:18+00:00\" \/>\n<meta property=\"og:image\" content=\"https:\/\/ssb-hagen.de\/wp-content\/uploads\/2022\/07\/news-default.jpg\" \/>\n\t<meta property=\"og:image:width\" content=\"1024\" \/>\n\t<meta property=\"og:image:height\" content=\"768\" \/>\n\t<meta property=\"og:image:type\" content=\"image\/jpeg\" \/>\n<meta name=\"twitter:card\" content=\"summary_large_image\" \/>\n<meta name=\"twitter:label1\" content=\"Gesch\u00e4tzte Lesezeit\" \/>\n\t<meta name=\"twitter:data1\" content=\"2\u00a0Minuten\" \/>\n<script type=\"application\/ld+json\" class=\"yoast-schema-graph\">{\"@context\":\"https:\\\/\\\/schema.org\",\"@graph\":[{\"@type\":\"WebPage\",\"@id\":\"https:\\\/\\\/ssb-hagen.de\\\/index.php\\\/nutzungsbedingungen\\\/\",\"url\":\"https:\\\/\\\/ssb-hagen.de\\\/index.php\\\/nutzungsbedingungen\\\/\",\"name\":\"Nutzungsbedingungen - Stadtsportbund Hagen\",\"isPartOf\":{\"@id\":\"https:\\\/\\\/ssb-hagen.de\\\/#website\"},\"primaryImageOfPage\":{\"@id\":\"https:\\\/\\\/ssb-hagen.de\\\/index.php\\\/nutzungsbedingungen\\\/#primaryimage\"},\"image\":{\"@id\":\"https:\\\/\\\/ssb-hagen.de\\\/index.php\\\/nutzungsbedingungen\\\/#primaryimage\"},\"thumbnailUrl\":\"https:\\\/\\\/ssb-hagen.de\\\/wp-content\\\/uploads\\\/2022\\\/07\\\/news-default.jpg\",\"datePublished\":\"2022-07-05T13:05:12+00:00\",\"dateModified\":\"2022-08-11T14:02:18+00:00\",\"breadcrumb\":{\"@id\":\"https:\\\/\\\/ssb-hagen.de\\\/index.php\\\/nutzungsbedingungen\\\/#breadcrumb\"},\"inLanguage\":\"de\",\"potentialAction\":[{\"@type\":\"ReadAction\",\"target\":[\"https:\\\/\\\/ssb-hagen.de\\\/index.php\\\/nutzungsbedingungen\\\/\"]}]},{\"@type\":\"ImageObject\",\"inLanguage\":\"de\",\"@id\":\"https:\\\/\\\/ssb-hagen.de\\\/index.php\\\/nutzungsbedingungen\\\/#primaryimage\",\"url\":\"https:\\\/\\\/ssb-hagen.de\\\/wp-content\\\/uploads\\\/2022\\\/07\\\/news-default.jpg\",\"contentUrl\":\"https:\\\/\\\/ssb-hagen.de\\\/wp-content\\\/uploads\\\/2022\\\/07\\\/news-default.jpg\",\"width\":1024,\"height\":768},{\"@type\":\"BreadcrumbList\",\"@id\":\"https:\\\/\\\/ssb-hagen.de\\\/index.php\\\/nutzungsbedingungen\\\/#breadcrumb\",\"itemListElement\":[{\"@type\":\"ListItem\",\"position\":1,\"name\":\"Startseite\",\"item\":\"https:\\\/\\\/ssb-hagen.de\\\/\"},{\"@type\":\"ListItem\",\"position\":2,\"name\":\"Nutzungsbedingungen\"}]},{\"@type\":\"WebSite\",\"@id\":\"https:\\\/\\\/ssb-hagen.de\\\/#website\",\"url\":\"https:\\\/\\\/ssb-hagen.de\\\/\",\"name\":\"Stadtsportbund Hagen e.V.\",\"description\":\"Just another WordPress site\",\"publisher\":{\"@id\":\"https:\\\/\\\/ssb-hagen.de\\\/#organization\"},\"potentialAction\":[{\"@type\":\"SearchAction\",\"target\":{\"@type\":\"EntryPoint\",\"urlTemplate\":\"https:\\\/\\\/ssb-hagen.de\\\/?s={search_term_string}\"},\"query-input\":{\"@type\":\"PropertyValueSpecification\",\"valueRequired\":true,\"valueName\":\"search_term_string\"}}],\"inLanguage\":\"de\"},{\"@type\":\"Organization\",\"@id\":\"https:\\\/\\\/ssb-hagen.de\\\/#organization\",\"name\":\"Stadtsportbund Hagen e.V.\",\"url\":\"https:\\\/\\\/ssb-hagen.de\\\/\",\"logo\":{\"@type\":\"ImageObject\",\"inLanguage\":\"de\",\"@id\":\"https:\\\/\\\/ssb-hagen.de\\\/#\\\/schema\\\/logo\\\/image\\\/\",\"url\":\"https:\\\/\\\/ssb-hagen.de\\\/wp-content\\\/uploads\\\/2022\\\/07\\\/cropped-favicon_ssb-Hagen.png\",\"contentUrl\":\"https:\\\/\\\/ssb-hagen.de\\\/wp-content\\\/uploads\\\/2022\\\/07\\\/cropped-favicon_ssb-Hagen.png\",\"width\":512,\"height\":512,\"caption\":\"Stadtsportbund Hagen e.V.\"},\"image\":{\"@id\":\"https:\\\/\\\/ssb-hagen.de\\\/#\\\/schema\\\/logo\\\/image\\\/\"},\"sameAs\":[\"https:\\\/\\\/www.facebook.com\\\/profile.php?id=100066611322930\"]}]}<\/script>\n<!-- \/ Yoast SEO plugin. -->","yoast_head_json":{"title":"Nutzungsbedingungen - Stadtsportbund Hagen","robots":{"index":"index","follow":"follow","max-snippet":"max-snippet:-1","max-image-preview":"max-image-preview:large","max-video-preview":"max-video-preview:-1"},"canonical":"https:\/\/ssb-hagen.de\/index.php\/nutzungsbedingungen\/","og_locale":"de_DE","og_type":"article","og_title":"Nutzungsbedingungen - Stadtsportbund Hagen","og_description":"Sport in Hagen Nutzungsbedingungen Mit dem Aufrufen der ssb-hagen.de-Seiten erkennen Sie die nachfolgenden Nutzungsbedingungen an. Falls Sie mit den Nutzungsbedingungen nicht einverstanden sind, so ist Ihnen die Nutzung des ssb-hagen.de-Angebotes [&hellip;]","og_url":"https:\/\/ssb-hagen.de\/index.php\/nutzungsbedingungen\/","og_site_name":"Stadtsportbund Hagen","article_publisher":"https:\/\/www.facebook.com\/profile.php?id=100066611322930","article_modified_time":"2022-08-11T14:02:18+00:00","og_image":[{"width":1024,"height":768,"url":"https:\/\/ssb-hagen.de\/wp-content\/uploads\/2022\/07\/news-default.jpg","type":"image\/jpeg"}],"twitter_card":"summary_large_image","twitter_misc":{"Gesch\u00e4tzte Lesezeit":"2\u00a0Minuten"},"schema":{"@context":"https:\/\/schema.org","@graph":[{"@type":"WebPage","@id":"https:\/\/ssb-hagen.de\/index.php\/nutzungsbedingungen\/","url":"https:\/\/ssb-hagen.de\/index.php\/nutzungsbedingungen\/","name":"Nutzungsbedingungen - Stadtsportbund Hagen","isPartOf":{"@id":"https:\/\/ssb-hagen.de\/#website"},"primaryImageOfPage":{"@id":"https:\/\/ssb-hagen.de\/index.php\/nutzungsbedingungen\/#primaryimage"},"image":{"@id":"https:\/\/ssb-hagen.de\/index.php\/nutzungsbedingungen\/#primaryimage"},"thumbnailUrl":"https:\/\/ssb-hagen.de\/wp-content\/uploads\/2022\/07\/news-default.jpg","datePublished":"2022-07-05T13:05:12+00:00","dateModified":"2022-08-11T14:02:18+00:00","breadcrumb":{"@id":"https:\/\/ssb-hagen.de\/index.php\/nutzungsbedingungen\/#breadcrumb"},"inLanguage":"de","potentialAction":[{"@type":"ReadAction","target":["https:\/\/ssb-hagen.de\/index.php\/nutzungsbedingungen\/"]}]},{"@type":"ImageObject","inLanguage":"de","@id":"https:\/\/ssb-hagen.de\/index.php\/nutzungsbedingungen\/#primaryimage","url":"https:\/\/ssb-hagen.de\/wp-content\/uploads\/2022\/07\/news-default.jpg","contentUrl":"https:\/\/ssb-hagen.de\/wp-content\/uploads\/2022\/07\/news-default.jpg","width":1024,"height":768},{"@type":"BreadcrumbList","@id":"https:\/\/ssb-hagen.de\/index.php\/nutzungsbedingungen\/#breadcrumb","itemListElement":[{"@type":"ListItem","position":1,"name":"Startseite","item":"https:\/\/ssb-hagen.de\/"},{"@type":"ListItem","position":2,"name":"Nutzungsbedingungen"}]},{"@type":"WebSite","@id":"https:\/\/ssb-hagen.de\/#website","url":"https:\/\/ssb-hagen.de\/","name":"Stadtsportbund Hagen e.V.","description":"Just another WordPress site","publisher":{"@id":"https:\/\/ssb-hagen.de\/#organization"},"potentialAction":[{"@type":"SearchAction","target":{"@type":"EntryPoint","urlTemplate":"https:\/\/ssb-hagen.de\/?s={search_term_string}"},"query-input":{"@type":"PropertyValueSpecification","valueRequired":true,"valueName":"search_term_string"}}],"inLanguage":"de"},{"@type":"Organization","@id":"https:\/\/ssb-hagen.de\/#organization","name":"Stadtsportbund Hagen e.V.","url":"https:\/\/ssb-hagen.de\/","logo":{"@type":"ImageObject","inLanguage":"de","@id":"https:\/\/ssb-hagen.de\/#\/schema\/logo\/image\/","url":"https:\/\/ssb-hagen.de\/wp-content\/uploads\/2022\/07\/cropped-favicon_ssb-Hagen.png","contentUrl":"https:\/\/ssb-hagen.de\/wp-content\/uploads\/2022\/07\/cropped-favicon_ssb-Hagen.png","width":512,"height":512,"caption":"Stadtsportbund Hagen e.V."},"image":{"@id":"https:\/\/ssb-hagen.de\/#\/schema\/logo\/image\/"},"sameAs":["https:\/\/www.facebook.com\/profile.php?id=100066611322930"]}]}},"_links":{"self":[{"href":"https:\/\/ssb-hagen.de\/index.php\/wp-json\/wp\/v2\/pages\/3257","targetHints":{"allow":["GET"]}}],"collection":[{"href":"https:\/\/ssb-hagen.de\/index.php\/wp-json\/wp\/v2\/pages"}],"about":[{"href":"https:\/\/ssb-hagen.de\/index.php\/wp-json\/wp\/v2\/types\/page"}],"author":[{"embeddable":true,"href":"https:\/\/ssb-hagen.de\/index.php\/wp-json\/wp\/v2\/users\/1"}],"replies":[{"embeddable":true,"href":"https:\/\/ssb-hagen.de\/index.php\/wp-json\/wp\/v2\/comments?post=3257"}],"version-history":[{"count":16,"href":"https:\/\/ssb-hagen.de\/index.php\/wp-json\/wp\/v2\/pages\/3257\/revisions"}],"predecessor-version":[{"id":3617,"href":"https:\/\/ssb-hagen.de\/index.php\/wp-json\/wp\/v2\/pages\/3257\/revisions\/3617"}],"wp:featuredmedia":[{"embeddable":true,"href":"https:\/\/ssb-hagen.de\/index.php\/wp-json\/wp\/v2\/media\/3236"}],"wp:attachment":[{"href":"https:\/\/ssb-hagen.de\/index.php\/wp-json\/wp\/v2\/media?parent=3257"}],"curies":[{"name":"wp","href":"https:\/\/api.w.org\/{rel}","templated":true}]}}